{"id":610,"date":"2022-07-06T12:17:52","date_gmt":"2022-07-06T15:17:52","guid":{"rendered":"http:\/\/emc.mg.gov.br\/institucional\/?page_id=610"},"modified":"2022-12-02T14:27:04","modified_gmt":"2022-12-02T17:27:04","slug":"governanca","status":"publish","type":"page","link":"https:\/\/emc.mg.gov.br\/institucional\/governanca\/","title":{"rendered":"Governan\u00e7a"},"content":{"rendered":"\n<div class=\"wp-container-3 wp-block-columns\">\n<div class=\"wp-container-1 wp-block-column\">\n<p>Governan\u00e7a da EMC \u2013 Empresa Mineira de Comunica\u00e7\u00e3o:<\/p>\n\n\n\n<p><a href=\"http:\/\/emc.mg.gov.br\/institucional\/governanca\/cartas\/\">Cartas<\/a><br><a href=\"http:\/\/emc.mg.gov.br\/institucional\/governanca\/planos-politicas-acoes\/\">Planos, Pol\u00edticas e A\u00e7\u00f5es<\/a><br><a href=\"http:\/\/emc.mg.gov.br\/institucional\/governanca\/legislacao\/\">Legisla\u00e7\u00e3o<\/a><br><a href=\"http:\/\/emc.mg.gov.br\/institucional\/governanca\/portarias-emc\/\">Portarias EMC<\/a><br> <a href=\"http:\/\/emc.mg.gov.br\/institucional\/governanca\/legislacao\/\">Legisla\u00e7\u00e3o<\/a><br><a href=\"http:\/\/emc.mg.gov.br\/institucional\/governanca\/portarias-emc\/\">Portarias EMC<\/a><br><a href=\"http:\/\/emc.mg.gov.br\/institucional\/governanca\/portarias-conjuntas-emc-e-ftvm\/\">Portarias conjuntas FTVM e EMC<\/a><br><a href=\"http:\/\/emc.mg.gov.br\/institucional\/governanca\/atas-dos-conselhos\/\">Atas dos conselhos<\/a><br><a href=\"http:\/\/emc.mg.gov.br\/institucional\/governanca\/relatorios\/\">Relat\u00f3rios<\/a><br><a href=\"http:\/\/emc.mg.gov.br\/institucional\/governanca\/lgpd-lei-geral-de-protecao-de-dados\/\">LGPD &#8211; Lei Geral de Prote\u00e7\u00e3o dos dados<\/a><\/p>\n\n\n\n<p><\/p>\n<\/div>\n\n\n\n<div class=\"wp-container-2 wp-block-column\">\n<p><a href=\"http:\/\/emc.mg.gov.br\/institucional\/wp-content\/uploads\/2022\/07\/CodigoEticaEMC.pdf\" target=\"_blank\" rel=\"noreferrer noopener\">C\u00f3digo de \u00c9tica e Conduta<\/a> [.pdf 646kb]<\/p>\n<\/div>\n<\/div>\n","protected":false},"excerpt":{"rendered":"<p>Governan\u00e7a da EMC \u2013 Empresa Mineira de Comunica\u00e7\u00e3o: CartasPlanos, Pol\u00edticas e A\u00e7\u00f5esLegisla\u00e7\u00e3oPortarias EMC Legisla\u00e7\u00e3oPortarias EMCPortarias conjuntas FTVM e EMCAtas dos conselhosRelat\u00f3riosLGPD &#8211; Lei Geral de Prote\u00e7\u00e3o dos dados C\u00f3digo de \u00c9tica e Conduta [.pdf 646kb]<\/p>\n","protected":false},"author":1,"featured_media":0,"parent":0,"menu_order":0,"comment_status":"closed","ping_status":"closed","template":"","meta":{"ub_ctt_via":""},"featured_image_src":null,"yoast_head":"<!-- This site is optimized with the Yoast SEO plugin v19.5.1 - https:\/\/yoast.com\/wordpress\/plugins\/seo\/ -->\n<title>Governan\u00e7a - EMC<\/title>\n<meta name=\"robots\" content=\"index, follow, max-snippet:-1, max-image-preview:large, max-video-preview:-1\" \/>\n<link rel=\"canonical\" href=\"https:\/\/emc.mg.gov.br\/institucional\/governanca\/\" \/>\n<meta property=\"og:locale\" content=\"pt_BR\" \/>\n<meta property=\"og:type\" content=\"article\" \/>\n<meta property=\"og:title\" content=\"Governan\u00e7a - EMC\" \/>\n<meta property=\"og:description\" content=\"Governan\u00e7a da EMC \u2013 Empresa Mineira de Comunica\u00e7\u00e3o: CartasPlanos, Pol\u00edticas e A\u00e7\u00f5esLegisla\u00e7\u00e3oPortarias EMC Legisla\u00e7\u00e3oPortarias EMCPortarias conjuntas FTVM e EMCAtas dos conselhosRelat\u00f3riosLGPD &#8211; Lei Geral de Prote\u00e7\u00e3o dos dados C\u00f3digo de \u00c9tica e Conduta [.pdf 646kb]\" \/>\n<meta property=\"og:url\" content=\"https:\/\/emc.mg.gov.br\/institucional\/governanca\/\" \/>\n<meta property=\"og:site_name\" content=\"EMC\" \/>\n<meta property=\"article:modified_time\" content=\"2022-12-02T17:27:04+00:00\" \/>\n<meta name=\"twitter:card\" content=\"summary_large_image\" \/>\n<meta name=\"twitter:label1\" content=\"Est. tempo de leitura\" \/>\n\t<meta name=\"twitter:data1\" content=\"1 minuto\" \/>\n<script type=\"application\/ld+json\" class=\"yoast-schema-graph\">{\"@context\":\"https:\/\/schema.org\",\"@graph\":[{\"@type\":\"WebPage\",\"@id\":\"https:\/\/emc.mg.gov.br\/institucional\/governanca\/\",\"url\":\"https:\/\/emc.mg.gov.br\/institucional\/governanca\/\",\"name\":\"Governan\u00e7a - EMC\",\"isPartOf\":{\"@id\":\"https:\/\/emc.mg.gov.br\/institucional\/#website\"},\"datePublished\":\"2022-07-06T15:17:52+00:00\",\"dateModified\":\"2022-12-02T17:27:04+00:00\",\"breadcrumb\":{\"@id\":\"https:\/\/emc.mg.gov.br\/institucional\/governanca\/#breadcrumb\"},\"inLanguage\":\"pt-BR\",\"potentialAction\":[{\"@type\":\"ReadAction\",\"target\":[\"https:\/\/emc.mg.gov.br\/institucional\/governanca\/\"]}]},{\"@type\":\"BreadcrumbList\",\"@id\":\"https:\/\/emc.mg.gov.br\/institucional\/governanca\/#breadcrumb\",\"itemListElement\":[{\"@type\":\"ListItem\",\"position\":1,\"name\":\"In\u00edcio\",\"item\":\"https:\/\/emc.mg.gov.br\/institucional\/\"},{\"@type\":\"ListItem\",\"position\":2,\"name\":\"Governan\u00e7a\"}]},{\"@type\":\"WebSite\",\"@id\":\"https:\/\/emc.mg.gov.br\/institucional\/#website\",\"url\":\"https:\/\/emc.mg.gov.br\/institucional\/\",\"name\":\"EMC\",\"description\":\"Empresa Mineira de Comunica\u00e7\u00e3o\",\"publisher\":{\"@id\":\"https:\/\/emc.mg.gov.br\/institucional\/#organization\"},\"potentialAction\":[{\"@type\":\"SearchAction\",\"target\":{\"@type\":\"EntryPoint\",\"urlTemplate\":\"https:\/\/emc.mg.gov.br\/institucional\/?s={search_term_string}\"},\"query-input\":\"required name=search_term_string\"}],\"inLanguage\":\"pt-BR\"},{\"@type\":\"Organization\",\"@id\":\"https:\/\/emc.mg.gov.br\/institucional\/#organization\",\"name\":\"EMC\",\"url\":\"https:\/\/emc.mg.gov.br\/institucional\/\",\"sameAs\":[],\"logo\":{\"@type\":\"ImageObject\",\"inLanguage\":\"pt-BR\",\"@id\":\"https:\/\/emc.mg.gov.br\/institucional\/#\/schema\/logo\/image\/\",\"url\":\"https:\/\/emc.mg.gov.br\/institucional\/wp-content\/uploads\/2022\/06\/EMCmarca.png\",\"contentUrl\":\"https:\/\/emc.mg.gov.br\/institucional\/wp-content\/uploads\/2022\/06\/EMCmarca.png\",\"width\":133,\"height\":89,\"caption\":\"EMC \"},\"image\":{\"@id\":\"https:\/\/emc.mg.gov.br\/institucional\/#\/schema\/logo\/image\/\"}}]}<\/script>\n<!-- \/ Yoast SEO plugin. -->","yoast_head_json":{"title":"Governan\u00e7a - EMC","robots":{"index":"index","follow":"follow","max-snippet":"max-snippet:-1","max-image-preview":"max-image-preview:large","max-video-preview":"max-video-preview:-1"},"canonical":"https:\/\/emc.mg.gov.br\/institucional\/governanca\/","og_locale":"pt_BR","og_type":"article","og_title":"Governan\u00e7a - EMC","og_description":"Governan\u00e7a da EMC \u2013 Empresa Mineira de Comunica\u00e7\u00e3o: CartasPlanos, Pol\u00edticas e A\u00e7\u00f5esLegisla\u00e7\u00e3oPortarias EMC Legisla\u00e7\u00e3oPortarias EMCPortarias conjuntas FTVM e EMCAtas dos conselhosRelat\u00f3riosLGPD &#8211; Lei Geral de Prote\u00e7\u00e3o dos dados C\u00f3digo de \u00c9tica e Conduta [.pdf 646kb]","og_url":"https:\/\/emc.mg.gov.br\/institucional\/governanca\/","og_site_name":"EMC","article_modified_time":"2022-12-02T17:27:04+00:00","twitter_card":"summary_large_image","twitter_misc":{"Est. tempo de leitura":"1 minuto"},"schema":{"@context":"https:\/\/schema.org","@graph":[{"@type":"WebPage","@id":"https:\/\/emc.mg.gov.br\/institucional\/governanca\/","url":"https:\/\/emc.mg.gov.br\/institucional\/governanca\/","name":"Governan\u00e7a - EMC","isPartOf":{"@id":"https:\/\/emc.mg.gov.br\/institucional\/#website"},"datePublished":"2022-07-06T15:17:52+00:00","dateModified":"2022-12-02T17:27:04+00:00","breadcrumb":{"@id":"https:\/\/emc.mg.gov.br\/institucional\/governanca\/#breadcrumb"},"inLanguage":"pt-BR","potentialAction":[{"@type":"ReadAction","target":["https:\/\/emc.mg.gov.br\/institucional\/governanca\/"]}]},{"@type":"BreadcrumbList","@id":"https:\/\/emc.mg.gov.br\/institucional\/governanca\/#breadcrumb","itemListElement":[{"@type":"ListItem","position":1,"name":"In\u00edcio","item":"https:\/\/emc.mg.gov.br\/institucional\/"},{"@type":"ListItem","position":2,"name":"Governan\u00e7a"}]},{"@type":"WebSite","@id":"https:\/\/emc.mg.gov.br\/institucional\/#website","url":"https:\/\/emc.mg.gov.br\/institucional\/","name":"EMC","description":"Empresa Mineira de Comunica\u00e7\u00e3o","publisher":{"@id":"https:\/\/emc.mg.gov.br\/institucional\/#organization"},"potentialAction":[{"@type":"SearchAction","target":{"@type":"EntryPoint","urlTemplate":"https:\/\/emc.mg.gov.br\/institucional\/?s={search_term_string}"},"query-input":"required name=search_term_string"}],"inLanguage":"pt-BR"},{"@type":"Organization","@id":"https:\/\/emc.mg.gov.br\/institucional\/#organization","name":"EMC","url":"https:\/\/emc.mg.gov.br\/institucional\/","sameAs":[],"logo":{"@type":"ImageObject","inLanguage":"pt-BR","@id":"https:\/\/emc.mg.gov.br\/institucional\/#\/schema\/logo\/image\/","url":"https:\/\/emc.mg.gov.br\/institucional\/wp-content\/uploads\/2022\/06\/EMCmarca.png","contentUrl":"https:\/\/emc.mg.gov.br\/institucional\/wp-content\/uploads\/2022\/06\/EMCmarca.png","width":133,"height":89,"caption":"EMC "},"image":{"@id":"https:\/\/emc.mg.gov.br\/institucional\/#\/schema\/logo\/image\/"}}]}},"_links":{"self":[{"href":"https:\/\/emc.mg.gov.br\/institucional\/wp-json\/wp\/v2\/pages\/610"}],"collection":[{"href":"https:\/\/emc.mg.gov.br\/institucional\/wp-json\/wp\/v2\/pages"}],"about":[{"href":"https:\/\/emc.mg.gov.br\/institucional\/wp-json\/wp\/v2\/types\/page"}],"author":[{"embeddable":true,"href":"https:\/\/emc.mg.gov.br\/institucional\/wp-json\/wp\/v2\/users\/1"}],"replies":[{"embeddable":true,"href":"https:\/\/emc.mg.gov.br\/institucional\/wp-json\/wp\/v2\/comments?post=610"}],"version-history":[{"count":69,"href":"https:\/\/emc.mg.gov.br\/institucional\/wp-json\/wp\/v2\/pages\/610\/revisions"}],"predecessor-version":[{"id":1759,"href":"https:\/\/emc.mg.gov.br\/institucional\/wp-json\/wp\/v2\/pages\/610\/revisions\/1759"}],"wp:attachment":[{"href":"https:\/\/emc.mg.gov.br\/institucional\/wp-json\/wp\/v2\/media?parent=610"}],"curies":[{"name":"wp","href":"https:\/\/api.w.org\/{rel}","templated":true}]}}

Governança

<div class="wp-container-3 wp-block-columns">
<div class="wp-container-1 wp-block-column">
<p>Governança da EMC – Empresa Mineira de Comunicação:</p>



<p><a href="http://emc.mg.gov.br/institucional/governanca/cartas/">Cartas</a><br><a href="http://emc.mg.gov.br/institucional/governanca/planos-politicas-acoes/">Planos, Políticas e Ações</a><br><a href="http://emc.mg.gov.br/institucional/governanca/legislacao/">Legislação</a><br><a href="http://emc.mg.gov.br/institucional/governanca/portarias-emc/">Portarias EMC</a><br> <a href="http://emc.mg.gov.br/institucional/governanca/legislacao/">Legislação</a><br><a href="http://emc.mg.gov.br/institucional/governanca/portarias-emc/">Portarias EMC</a><br><a href="http://emc.mg.gov.br/institucional/governanca/portarias-conjuntas-emc-e-ftvm/">Portarias conjuntas FTVM e EMC</a><br><a href="http://emc.mg.gov.br/institucional/governanca/atas-dos-conselhos/">Atas dos conselhos</a><br><a href="http://emc.mg.gov.br/institucional/governanca/relatorios/">Relatórios</a><br><a href="http://emc.mg.gov.br/institucional/governanca/lgpd-lei-geral-de-protecao-de-dados/">LGPD &#8211; Lei Geral de Proteção dos dados</a></p>



<p></p>
</div>



<div class="wp-container-2 wp-block-column">
<p><a href="http://emc.mg.gov.br/institucional/wp-content/uploads/2022/07/CodigoEticaEMC.pdf" target="_blank" rel="noreferrer noopener">Código de Ética e Conduta</a> [.pdf 646kb]</p>
</div>
</div>

<p>Governança da EMC – Empresa Mineira de Comunicação: CartasPlanos, Políticas e AçõesLegislaçãoPortarias EMC LegislaçãoPortarias EMCPortarias conjuntas FTVM e EMCAtas dos conselhosRelatóriosLGPD &#8211; Lei Geral de Proteção dos dados Código de Ética e Conduta [.pdf 646kb]</p>

<!-- This site is optimized with the Yoast SEO plugin v19.5.1 - https://yoast.com/wordpress/plugins/seo/ -->
<title>Governança - EMC</title>
<meta name="robots" content="index, follow, max-snippet:-1, max-image-preview:large, max-video-preview:-1" />
<link rel="canonical" href="https://emc.mg.gov.br/institucional/governanca/" />
<meta property="og:locale" content="pt_BR" />
<meta property="og:type" content="article" />
<meta property="og:title" content="Governança - EMC" />
<meta property="og:description" content="Governança da EMC – Empresa Mineira de Comunicação: CartasPlanos, Políticas e AçõesLegislaçãoPortarias EMC LegislaçãoPortarias EMCPortarias conjuntas FTVM e EMCAtas dos conselhosRelatóriosLGPD &#8211; Lei Geral de Proteção dos dados Código de Ética e Conduta [.pdf 646kb]" />
<meta property="og:url" content="https://emc.mg.gov.br/institucional/governanca/" />
<meta property="og:site_name" content="EMC" />
<meta property="article:modified_time" content="2022-12-02T17:27:04+00:00" />
<meta name="twitter:card" content="summary_large_image" />
<meta name="twitter:label1" content="Est. tempo de leitura" />
	<meta name="twitter:data1" content="1 minuto" />
<script type="application/ld+json" class="yoast-schema-graph">{"@context":"https://schema.org","@graph":[{"@type":"WebPage","@id":"https://emc.mg.gov.br/institucional/governanca/","url":"https://emc.mg.gov.br/institucional/governanca/","name":"Governança - EMC","isPartOf":{"@id":"https://emc.mg.gov.br/institucional/#website"},"datePublished":"2022-07-06T15:17:52+00:00","dateModified":"2022-12-02T17:27:04+00:00","breadcrumb":{"@id":"https://emc.mg.gov.br/institucional/governanca/#breadcrumb"},"inLanguage":"pt-BR","potentialAction":[{"@type":"ReadAction","target":["https://emc.mg.gov.br/institucional/governanca/"]}]},{"@type":"BreadcrumbList","@id":"https://emc.mg.gov.br/institucional/governanca/#breadcrumb","itemListElement":[{"@type":"ListItem","position":1,"name":"Início","item":"https://emc.mg.gov.br/institucional/"},{"@type":"ListItem","position":2,"name":"Governança"}]},{"@type":"WebSite","@id":"https://emc.mg.gov.br/institucional/#website","url":"https://emc.mg.gov.br/institucional/","name":"EMC","description":"Empresa Mineira de Comunicação","publisher":{"@id":"https://emc.mg.gov.br/institucional/#organization"},"potentialAction":[{"@type":"SearchAction","target":{"@type":"EntryPoint","urlTemplate":"https://emc.mg.gov.br/institucional/?s={search_term_string}"},"query-input":"required name=search_term_string"}],"inLanguage":"pt-BR"},{"@type":"Organization","@id":"https://emc.mg.gov.br/institucional/#organization","name":"EMC","url":"https://emc.mg.gov.br/institucional/","sameAs":[],"logo":{"@type":"ImageObject","inLanguage":"pt-BR","@id":"https://emc.mg.gov.br/institucional/#/schema/logo/image/","url":"https://emc.mg.gov.br/institucional/wp-content/uploads/2022/06/EMCmarca.png","contentUrl":"https://emc.mg.gov.br/institucional/wp-content/uploads/2022/06/EMCmarca.png","width":133,"height":89,"caption":"EMC "},"image":{"@id":"https://emc.mg.gov.br/institucional/#/schema/logo/image/"}}]}</script>
<!-- / Yoast SEO plugin. -->

Governança - EMC

Governança da EMC – Empresa Mineira de Comunicação: CartasPlanos, Políticas e AçõesLegislaçãoPortarias EMC LegislaçãoPortarias EMCPortarias conjuntas FTVM e EMCAtas dos conselhosRelatóriosLGPD &#8211; Lei Geral de Proteção dos dados Código de Ética e Conduta [.pdf 646kb]

Início

Empresa Mineira de Comunicação
