{"id":233,"date":"2022-06-28T15:01:10","date_gmt":"2022-06-28T18:01:10","guid":{"rendered":"http:\/\/emc.mg.gov.br\/institucional\/?page_id=233"},"modified":"2022-10-25T15:46:02","modified_gmt":"2022-10-25T18:46:02","slug":"lgpd-lei-geral-de-protecao-de-dados","status":"publish","type":"page","link":"http:\/\/emc.mg.gov.br\/institucional\/governanca\/lgpd-lei-geral-de-protecao-de-dados\/","title":{"rendered":"LGPD \u2013 Lei Geral de Prote\u00e7\u00e3o de dados"},"content":{"rendered":"\n<p>Esta Lei disp\u00f5e sobre o tratamento de dados pessoais, inclusive nos meios digitais, por pessoa natural ou por pessoa jur\u00eddica de direito p\u00fablico ou privado, com o objetivo de proteger os direitos fundamentais de liberdade e de privacidade e o livre desenvolvimento da personalidade da pessoa natural.<\/p>\n\n\n\n<p><a href=\"http:\/\/emc.mg.gov.br\/lgpd\/Portaria_Conjunta_EMC_e_FTVM_n__02.pdf\" target=\"_blank\" rel=\"noopener\">Portaria conjunta EMC e FTVM 02 \u2013 Institui o grupo de trabalho com objetivo de promover a implementa\u00e7\u00e3o das disposi\u00e7\u00f5es da lei n 13.709\/18 \u2013 lei geral de prote\u00e7\u00e3o de dados pessoais (LGPD) no \u00e2mbito da Empresa Mineira de Comunica\u00e7\u00e3o e Funda\u00e7\u00e3o TV Minas Cultural e Educativa.<\/a><\/p>\n\n\n\n<p><a href=\"http:\/\/emc.mg.gov.br\/lgpd\/encarregado_lgpd.pdf\" target=\"_blank\" rel=\"noopener\">Portaria conjunta EMC e FTVM n\u00ba 09, de 01 de outubro de 2021 \u2013 indica o encarregado pelo tratamento de dados pessoais no \u00e2mbito da Empresa Mineira de Comunica\u00e7\u00e3o e Funda\u00e7\u00e3o TV Minas Cultural e Educativa.EM ATEN\u00c7\u00c3O AO DISPOSTO NO ARTIGO 23, INCISO I DA LEI 13.709\/18<\/a>.<\/p>\n\n\n\n<h2>Materiais de apoio<\/h2>\n\n\n\n<p><a href=\"http:\/\/www.planalto.gov.br\/ccivil_03\/_ato2015-2018\/2018\/lei\/L13709compilado.htm\" rel=\"noopener\" target=\"_blank\">LEI 13.709\/18 \u2013 Lei geral de prote\u00e7\u00e3o de dados pessoais (LGPD)<\/a><\/p>\n\n\n\n<p><a href=\"https:\/\/www.gov.br\/governodigital\/pt-br\/seguranca-e-protecao-de-dados\/guia-boas-praticas-lgpd\" rel=\"noreferrer noopener\" target=\"_blank\">Guia de Boas Pr\u00e1ticas \u2013 Lei Geral de Prote\u00e7\u00e3o de Dados Pessoais (LGPD)<\/a><\/p>\n\n\n\n<p><a href=\"https:\/\/lgpd.mg.gov.br\/phocadownload\/pdf\/Cartilha_LGPD_diagramada_3.pdf\" rel=\"noopener\" target=\"_blank\">Cartilha LGPD do GT do Estado de Minas Gerais<\/a><\/p>\n\n\n\n<p><a rel=\"noopener\" href=\"https:\/\/advocaciageral.mg.gov.br\/publicacao\/manual-de-interpretacao-da-lgpd\/\" target=\"_blank\">Manual de LGPD da AGE-MG<\/a><\/p>\n\n\n\n<p>Em caso de d\u00favidas, reclama\u00e7\u00f5es, elogios e sugest\u00f5es referentes \u00e0 LGPD, deve-se entrar em contato com o Encarregado pelo Tratamento de Dados Pessoais da EMC\/FTVM.<\/p>\n\n\n\n<p><strong>Contato:&nbsp;<a href=\"mailto:encarregado.lgpd@emc.mg.gov.br\">encarregado.lgpd@emc.mg.gov.br<\/a><\/strong><\/p>\n","protected":false},"excerpt":{"rendered":"<p>Esta Lei disp\u00f5e sobre o tratamento de dados pessoais, inclusive nos meios digitais, por pessoa natural ou por pessoa jur\u00eddica de direito p\u00fablico ou privado, com o objetivo de proteger os direitos fundamentais de liberdade e de privacidade e o livre desenvolvimento da personalidade da pessoa natural. Portaria conjunta EMC e FTVM 02 \u2013 Institui [&hellip;]<\/p>\n","protected":false},"author":1,"featured_media":0,"parent":610,"menu_order":0,"comment_status":"closed","ping_status":"closed","template":"","meta":{"ub_ctt_via":""},"featured_image_src":null,"yoast_head":"<!-- This site is optimized with the Yoast SEO plugin v19.5.1 - https:\/\/yoast.com\/wordpress\/plugins\/seo\/ -->\n<title>LGPD \u2013 Lei Geral de Prote\u00e7\u00e3o de dados - EMC<\/title>\n<meta name=\"robots\" content=\"index, follow, max-snippet:-1, max-image-preview:large, max-video-preview:-1\" \/>\n<link rel=\"canonical\" href=\"https:\/\/emc.mg.gov.br\/institucional\/governanca\/lgpd-lei-geral-de-protecao-de-dados\/\" \/>\n<meta property=\"og:locale\" content=\"pt_BR\" \/>\n<meta property=\"og:type\" content=\"article\" \/>\n<meta property=\"og:title\" content=\"LGPD \u2013 Lei Geral de Prote\u00e7\u00e3o de dados - EMC\" \/>\n<meta property=\"og:description\" content=\"Esta Lei disp\u00f5e sobre o tratamento de dados pessoais, inclusive nos meios digitais, por pessoa natural ou por pessoa jur\u00eddica de direito p\u00fablico ou privado, com o objetivo de proteger os direitos fundamentais de liberdade e de privacidade e o livre desenvolvimento da personalidade da pessoa natural. Portaria conjunta EMC e FTVM 02 \u2013 Institui [&hellip;]\" \/>\n<meta property=\"og:url\" content=\"https:\/\/emc.mg.gov.br\/institucional\/governanca\/lgpd-lei-geral-de-protecao-de-dados\/\" \/>\n<meta property=\"og:site_name\" content=\"EMC\" \/>\n<meta property=\"article:modified_time\" content=\"2022-10-25T18:46:02+00:00\" \/>\n<meta name=\"twitter:card\" content=\"summary_large_image\" \/>\n<meta name=\"twitter:label1\" content=\"Est. tempo de leitura\" \/>\n\t<meta name=\"twitter:data1\" content=\"1 minuto\" \/>\n<script type=\"application\/ld+json\" class=\"yoast-schema-graph\">{\"@context\":\"https:\/\/schema.org\",\"@graph\":[{\"@type\":\"WebPage\",\"@id\":\"https:\/\/emc.mg.gov.br\/institucional\/governanca\/lgpd-lei-geral-de-protecao-de-dados\/\",\"url\":\"https:\/\/emc.mg.gov.br\/institucional\/governanca\/lgpd-lei-geral-de-protecao-de-dados\/\",\"name\":\"LGPD \u2013 Lei Geral de Prote\u00e7\u00e3o de dados - EMC\",\"isPartOf\":{\"@id\":\"https:\/\/emc.mg.gov.br\/institucional\/#website\"},\"datePublished\":\"2022-06-28T18:01:10+00:00\",\"dateModified\":\"2022-10-25T18:46:02+00:00\",\"breadcrumb\":{\"@id\":\"https:\/\/emc.mg.gov.br\/institucional\/governanca\/lgpd-lei-geral-de-protecao-de-dados\/#breadcrumb\"},\"inLanguage\":\"pt-BR\",\"potentialAction\":[{\"@type\":\"ReadAction\",\"target\":[\"https:\/\/emc.mg.gov.br\/institucional\/governanca\/lgpd-lei-geral-de-protecao-de-dados\/\"]}]},{\"@type\":\"BreadcrumbList\",\"@id\":\"https:\/\/emc.mg.gov.br\/institucional\/governanca\/lgpd-lei-geral-de-protecao-de-dados\/#breadcrumb\",\"itemListElement\":[{\"@type\":\"ListItem\",\"position\":1,\"name\":\"In\u00edcio\",\"item\":\"https:\/\/emc.mg.gov.br\/institucional\/\"},{\"@type\":\"ListItem\",\"position\":2,\"name\":\"Governan\u00e7a\",\"item\":\"https:\/\/emc.mg.gov.br\/institucional\/governanca\/\"},{\"@type\":\"ListItem\",\"position\":3,\"name\":\"LGPD \u2013 Lei Geral de Prote\u00e7\u00e3o de dados\"}]},{\"@type\":\"WebSite\",\"@id\":\"https:\/\/emc.mg.gov.br\/institucional\/#website\",\"url\":\"https:\/\/emc.mg.gov.br\/institucional\/\",\"name\":\"EMC\",\"description\":\"Empresa Mineira de Comunica\u00e7\u00e3o\",\"publisher\":{\"@id\":\"https:\/\/emc.mg.gov.br\/institucional\/#organization\"},\"potentialAction\":[{\"@type\":\"SearchAction\",\"target\":{\"@type\":\"EntryPoint\",\"urlTemplate\":\"https:\/\/emc.mg.gov.br\/institucional\/?s={search_term_string}\"},\"query-input\":\"required name=search_term_string\"}],\"inLanguage\":\"pt-BR\"},{\"@type\":\"Organization\",\"@id\":\"https:\/\/emc.mg.gov.br\/institucional\/#organization\",\"name\":\"EMC\",\"url\":\"https:\/\/emc.mg.gov.br\/institucional\/\",\"sameAs\":[],\"logo\":{\"@type\":\"ImageObject\",\"inLanguage\":\"pt-BR\",\"@id\":\"https:\/\/emc.mg.gov.br\/institucional\/#\/schema\/logo\/image\/\",\"url\":\"http:\/\/emc.mg.gov.br\/institucional\/wp-content\/uploads\/2022\/06\/EMCmarca.png\",\"contentUrl\":\"http:\/\/emc.mg.gov.br\/institucional\/wp-content\/uploads\/2022\/06\/EMCmarca.png\",\"width\":133,\"height\":89,\"caption\":\"EMC \"},\"image\":{\"@id\":\"https:\/\/emc.mg.gov.br\/institucional\/#\/schema\/logo\/image\/\"}}]}<\/script>\n<!-- \/ Yoast SEO plugin. -->","yoast_head_json":{"title":"LGPD \u2013 Lei Geral de Prote\u00e7\u00e3o de dados - EMC","robots":{"index":"index","follow":"follow","max-snippet":"max-snippet:-1","max-image-preview":"max-image-preview:large","max-video-preview":"max-video-preview:-1"},"canonical":"https:\/\/emc.mg.gov.br\/institucional\/governanca\/lgpd-lei-geral-de-protecao-de-dados\/","og_locale":"pt_BR","og_type":"article","og_title":"LGPD \u2013 Lei Geral de Prote\u00e7\u00e3o de dados - EMC","og_description":"Esta Lei disp\u00f5e sobre o tratamento de dados pessoais, inclusive nos meios digitais, por pessoa natural ou por pessoa jur\u00eddica de direito p\u00fablico ou privado, com o objetivo de proteger os direitos fundamentais de liberdade e de privacidade e o livre desenvolvimento da personalidade da pessoa natural. Portaria conjunta EMC e FTVM 02 \u2013 Institui [&hellip;]","og_url":"https:\/\/emc.mg.gov.br\/institucional\/governanca\/lgpd-lei-geral-de-protecao-de-dados\/","og_site_name":"EMC","article_modified_time":"2022-10-25T18:46:02+00:00","twitter_card":"summary_large_image","twitter_misc":{"Est. tempo de leitura":"1 minuto"},"schema":{"@context":"https:\/\/schema.org","@graph":[{"@type":"WebPage","@id":"https:\/\/emc.mg.gov.br\/institucional\/governanca\/lgpd-lei-geral-de-protecao-de-dados\/","url":"https:\/\/emc.mg.gov.br\/institucional\/governanca\/lgpd-lei-geral-de-protecao-de-dados\/","name":"LGPD \u2013 Lei Geral de Prote\u00e7\u00e3o de dados - EMC","isPartOf":{"@id":"https:\/\/emc.mg.gov.br\/institucional\/#website"},"datePublished":"2022-06-28T18:01:10+00:00","dateModified":"2022-10-25T18:46:02+00:00","breadcrumb":{"@id":"https:\/\/emc.mg.gov.br\/institucional\/governanca\/lgpd-lei-geral-de-protecao-de-dados\/#breadcrumb"},"inLanguage":"pt-BR","potentialAction":[{"@type":"ReadAction","target":["https:\/\/emc.mg.gov.br\/institucional\/governanca\/lgpd-lei-geral-de-protecao-de-dados\/"]}]},{"@type":"BreadcrumbList","@id":"https:\/\/emc.mg.gov.br\/institucional\/governanca\/lgpd-lei-geral-de-protecao-de-dados\/#breadcrumb","itemListElement":[{"@type":"ListItem","position":1,"name":"In\u00edcio","item":"https:\/\/emc.mg.gov.br\/institucional\/"},{"@type":"ListItem","position":2,"name":"Governan\u00e7a","item":"https:\/\/emc.mg.gov.br\/institucional\/governanca\/"},{"@type":"ListItem","position":3,"name":"LGPD \u2013 Lei Geral de Prote\u00e7\u00e3o de dados"}]},{"@type":"WebSite","@id":"https:\/\/emc.mg.gov.br\/institucional\/#website","url":"https:\/\/emc.mg.gov.br\/institucional\/","name":"EMC","description":"Empresa Mineira de Comunica\u00e7\u00e3o","publisher":{"@id":"https:\/\/emc.mg.gov.br\/institucional\/#organization"},"potentialAction":[{"@type":"SearchAction","target":{"@type":"EntryPoint","urlTemplate":"https:\/\/emc.mg.gov.br\/institucional\/?s={search_term_string}"},"query-input":"required name=search_term_string"}],"inLanguage":"pt-BR"},{"@type":"Organization","@id":"https:\/\/emc.mg.gov.br\/institucional\/#organization","name":"EMC","url":"https:\/\/emc.mg.gov.br\/institucional\/","sameAs":[],"logo":{"@type":"ImageObject","inLanguage":"pt-BR","@id":"https:\/\/emc.mg.gov.br\/institucional\/#\/schema\/logo\/image\/","url":"http:\/\/emc.mg.gov.br\/institucional\/wp-content\/uploads\/2022\/06\/EMCmarca.png","contentUrl":"http:\/\/emc.mg.gov.br\/institucional\/wp-content\/uploads\/2022\/06\/EMCmarca.png","width":133,"height":89,"caption":"EMC "},"image":{"@id":"https:\/\/emc.mg.gov.br\/institucional\/#\/schema\/logo\/image\/"}}]}},"_links":{"self":[{"href":"http:\/\/emc.mg.gov.br\/institucional\/wp-json\/wp\/v2\/pages\/233"}],"collection":[{"href":"http:\/\/emc.mg.gov.br\/institucional\/wp-json\/wp\/v2\/pages"}],"about":[{"href":"http:\/\/emc.mg.gov.br\/institucional\/wp-json\/wp\/v2\/types\/page"}],"author":[{"embeddable":true,"href":"http:\/\/emc.mg.gov.br\/institucional\/wp-json\/wp\/v2\/users\/1"}],"replies":[{"embeddable":true,"href":"http:\/\/emc.mg.gov.br\/institucional\/wp-json\/wp\/v2\/comments?post=233"}],"version-history":[{"count":10,"href":"http:\/\/emc.mg.gov.br\/institucional\/wp-json\/wp\/v2\/pages\/233\/revisions"}],"predecessor-version":[{"id":1486,"href":"http:\/\/emc.mg.gov.br\/institucional\/wp-json\/wp\/v2\/pages\/233\/revisions\/1486"}],"up":[{"embeddable":true,"href":"http:\/\/emc.mg.gov.br\/institucional\/wp-json\/wp\/v2\/pages\/610"}],"wp:attachment":[{"href":"http:\/\/emc.mg.gov.br\/institucional\/wp-json\/wp\/v2\/media?parent=233"}],"curies":[{"name":"wp","href":"https:\/\/api.w.org\/{rel}","templated":true}]}}