{"id":1417,"date":"2022-10-25T14:34:42","date_gmt":"2022-10-25T17:34:42","guid":{"rendered":"http:\/\/emc.mg.gov.br\/institucional\/?page_id=1417"},"modified":"2026-03-27T13:45:34","modified_gmt":"2026-03-27T16:45:34","slug":"visitacao","status":"publish","type":"page","link":"http:\/\/emc.mg.gov.br\/institucional\/visitacao\/","title":{"rendered":"Visita\u00e7\u00e3o"},"content":{"rendered":"\n<div class=\"wp-container-3 wp-block-columns\">\n<div class=\"wp-container-1 wp-block-column\" style=\"flex-basis:66.66%\">\n<figure class=\"wp-block-pullquote\"><blockquote><p><strong>Conhe\u00e7a a sede e est\u00fadios da Empresa Mineira de Comunica\u00e7\u00e3o &#8211; EMC<\/strong><\/p><\/blockquote><\/figure>\n<\/div>\n\n\n\n<div class=\"wp-container-2 wp-block-column\" style=\"flex-basis:33.33%\">\n\t\t<!-- MasterSlider -->\n\t\t<div id=\"P_MS69ea26ef59e77\" class=\"master-slider-parent msl ms-parent-id-1\" style=\"max-width:100%;\">\n\n\t\t\t\n\t\t\t<!-- MasterSlider Main -->\n\t\t\t<div id=\"MS69ea26ef59e77\" class=\"master-slider ms-skin-light-6 round-skin\" >\n\t\t\t\t \t\t\t\t \n\t\t\t\t<div  class=\"ms-slide\" data-delay=\"2\" data-fill-mode=\"fill\"  >\n\t\t\t\t\t<img src=\"http:\/\/emc.mg.gov.br\/institucional\/wp-content\/plugins\/master-slider\/public\/assets\/css\/blank.gif\" alt=\"\" title=\"\" data-src=\"http:\/\/emc.mg.gov.br\/institucional\/wp-content\/uploads\/2022\/10\/DSC_0198_web.jpg\" \/>\n\n\n\t<div class=\"ms-thumb\" ><div class=\"ms-tab-context\"><div class=&quot;ms-tab-context&quot;><\/div><\/div>\n<\/div>\n\t\t\t\t<\/div>\n\t\t\t\t<div  class=\"ms-slide\" data-delay=\"2\" data-fill-mode=\"fill\"  >\n\t\t\t\t\t<img src=\"http:\/\/emc.mg.gov.br\/institucional\/wp-content\/plugins\/master-slider\/public\/assets\/css\/blank.gif\" alt=\"\" title=\"\" data-src=\"http:\/\/emc.mg.gov.br\/institucional\/wp-content\/uploads\/2022\/10\/sede.jpg\" \/>\n\n\n\t<div class=\"ms-thumb\" ><div class=\"ms-tab-context\"><div class=&quot;ms-tab-context&quot;><\/div><\/div>\n<\/div>\n\t\t\t\t<\/div>\n\n\t\t\t<\/div>\n\t\t\t<!-- END MasterSlider Main -->\n\n\t\t\t \n\t\t<\/div>\n\t\t<!-- END MasterSlider -->\n\n\t\t<script>\n\t\t(function ( $ ) {\n\t\t\t\"use strict\";\n\n\t\t\t$(function () {\n\t\t\t\tvar masterslider_9e77 = new MasterSlider();\n\n\t\t\t\t\/\/ slider controls\n\n\t\t\t\t\/\/ slider setup\n\t\t\t\tmasterslider_9e77.setup(\"MS69ea26ef59e77\", {\n\t\t\t\t\t\twidth           : 1024,\n\t\t\t\t\t\theight          : 450,\n\t\t\t\t\t\tminHeight       : 50,\n\t\t\t\t\t\tspace           : 0,\n\t\t\t\t\t\tstart           : 1,\n\t\t\t\t\t\tgrabCursor      : true,\n\t\t\t\t\t\tswipe           : true,\n\t\t\t\t\t\tmouse           : true,\n\t\t\t\t\t\tlayout          : \"boxed\",\n\t\t\t\t\t\twheel           : false,\n\t\t\t\t\t\tautoplay        : false,\n\t\t\t\t\t\tinstantStartLayers:false,\n\t\t\t\t\t\tloop            : false,\n\t\t\t\t\t\tshuffle         : false,\n\t\t\t\t\t\tpreload         : 0,\n\t\t\t\t\t\theightLimit     : true,\n\t\t\t\t\t\tautoHeight      : true,\n\t\t\t\t\t\tsmoothHeight    : true,\n\t\t\t\t\t\tendPause        : false,\n\t\t\t\t\t\toverPause       : true,\n\t\t\t\t\t\tfillMode        : \"fill\",\n\t\t\t\t\t\tcenterControls  : false,\n\t\t\t\t\t\tstartOnAppear   : false,\n\t\t\t\t\t\tlayersMode      : \"center\",\n\t\t\t\t\t\thideLayers      : false,\n\t\t\t\t\t\tfullscreenMargin: 0,\n\t\t\t\t\t\tspeed           : 20,\n\t\t\t\t\t\tdir             : \"h\",\n\t\t\t\t\t\tparallaxMode    : 'swipe',\n\t\t\t\t\t\tview            : \"basic\"\n\t\t\t\t});\n\n\t\t\t\t\n\t\t\t\twindow.masterslider_instances = window.masterslider_instances || [];\n\t\t\t\twindow.masterslider_instances.push( masterslider_9e77 );\n\t\t\t });\n\n\t\t})(jQuery);\n\t\t<\/script>\n\n\n<\/div>\n<\/div>\n\n\n<div class=\"wp-block-ub-styled-box ub-styled-box ub-notification-box\" id=\"ub-styled-box-cf71c2c5-decf-4a88-9fdf-3c0e93458ee0\">\n\n\n<p id=\"ub-styled-box-notification-content-dc87d811-8233-489c-ba5a-985ed889c6ae\">Fa\u00e7a uma visita guiada aos est\u00fadios de <strong>r\u00e1dio<\/strong> e <strong>TV<\/strong> e converse com profissionais que atuam na <strong>comunica\u00e7\u00e3o p\u00fablica<\/strong> em Minas Gerais.<\/p>\n\n\n<\/div>\n\n\n<div class=\"wp-container-6 wp-block-columns\">\n<div class=\"wp-container-4 wp-block-column\" style=\"flex-basis:66.66%\">\n<p>Nossa sede fica em Belo Horizonte, Minas Gerais. <\/p>\n\n\n\n<iframe src=\"https:\/\/www.google.com\/maps\/embed?pb=!1m18!1m12!1m3!1d3750.935063359455!2d-43.95879788508548!3d-19.927141086605374!2m3!1f0!2f0!3f0!3m2!1i1024!2i768!4f13.1!3m3!1m2!1s0xa69763f4ac3b7d%3A0xa991aeec38369057!2sEMC%20-%20Empresa%20Mineira%20de%20Comunica%C3%A7%C3%A3o!5e0!3m2!1spt-BR!2sbr!4v1666714386996!5m2!1spt-BR!2sbr\" width=\"100%\" height=\"250\" style=\"border:0;\" allowfullscreen=\"\" loading=\"lazy\" referrerpolicy=\"no-referrer-when-downgrade\"><\/iframe>\n<\/div>\n\n\n\n<div class=\"wp-container-5 wp-block-column\" style=\"flex-basis:33.33%\">\n<div style=\"height:47px\" aria-hidden=\"true\" class=\"wp-block-spacer\"><\/div>\n\n\n\n<p>As visitas s\u00e3o realizadas de segunda a sexta, apenas por agendamento. O encontro est\u00e1 limitado a grupo de at\u00e9 30 pessoas, com dura\u00e7\u00e3o m\u00e9dia de 2 horas. As datas e hor\u00e1rios s\u00e3o sugeridas pela institui\u00e7\u00e3o que deseja realizar o roteiro.<\/p>\n\n\n\n<p>Para mais informa\u00e7\u00f5es, consulte a assessoria no telefone (31) 3254-3000, WhatsApp (31) 9-8272-6543 ou pelos e-mails: <a href=\"mailto:daniel.vilela@emc.mg.gov.br\">daniel.vilela@emc.mg.gov.br<\/a>, <a href=\"mailto:matheus.silva@redeminas.mg.gov.br\">matheus.silva@redeminas.mg.gov.br<\/a>, <a href=\"mailto:atendimento@redeminas.mg.gov.br\">atendimento@redeminas.mg.gov.br<\/a> ou <a href=\"mailto:asscom@redeminas.mg.gov.br\">asscom@redeminas.mg.gov.br<\/a><\/p>\n<\/div>\n<\/div>\n","protected":false},"excerpt":{"rendered":"<p>Conhe\u00e7a a sede e est\u00fadios da Empresa Mineira de Comunica\u00e7\u00e3o &#8211; EMC Nossa sede fica em Belo Horizonte, Minas Gerais. As visitas s\u00e3o realizadas de segunda a sexta, apenas por agendamento. O encontro est\u00e1 limitado a grupo de at\u00e9 30 pessoas, com dura\u00e7\u00e3o m\u00e9dia de 2 horas. As datas e hor\u00e1rios s\u00e3o sugeridas pela institui\u00e7\u00e3o [&hellip;]<\/p>\n","protected":false},"author":2,"featured_media":0,"parent":0,"menu_order":0,"comment_status":"closed","ping_status":"closed","template":"","meta":{"ub_ctt_via":""},"featured_image_src":null,"yoast_head":"<!-- This site is optimized with the Yoast SEO plugin v19.5.1 - https:\/\/yoast.com\/wordpress\/plugins\/seo\/ -->\n<title>Visita\u00e7\u00e3o - EMC<\/title>\n<meta name=\"robots\" content=\"index, follow, max-snippet:-1, max-image-preview:large, max-video-preview:-1\" \/>\n<link rel=\"canonical\" href=\"http:\/\/emc.mg.gov.br\/institucional\/visitacao\/\" \/>\n<meta property=\"og:locale\" content=\"pt_BR\" \/>\n<meta property=\"og:type\" content=\"article\" \/>\n<meta property=\"og:title\" content=\"Visita\u00e7\u00e3o - EMC\" \/>\n<meta property=\"og:description\" content=\"Conhe\u00e7a a sede e est\u00fadios da Empresa Mineira de Comunica\u00e7\u00e3o &#8211; EMC Nossa sede fica em Belo Horizonte, Minas Gerais. As visitas s\u00e3o realizadas de segunda a sexta, apenas por agendamento. O encontro est\u00e1 limitado a grupo de at\u00e9 30 pessoas, com dura\u00e7\u00e3o m\u00e9dia de 2 horas. As datas e hor\u00e1rios s\u00e3o sugeridas pela institui\u00e7\u00e3o [&hellip;]\" \/>\n<meta property=\"og:url\" content=\"http:\/\/emc.mg.gov.br\/institucional\/visitacao\/\" \/>\n<meta property=\"og:site_name\" content=\"EMC\" \/>\n<meta property=\"article:modified_time\" content=\"2026-03-27T16:45:34+00:00\" \/>\n<meta name=\"twitter:card\" content=\"summary_large_image\" \/>\n<meta name=\"twitter:label1\" content=\"Est. tempo de leitura\" \/>\n\t<meta name=\"twitter:data1\" content=\"1 minuto\" \/>\n<script type=\"application\/ld+json\" class=\"yoast-schema-graph\">{\"@context\":\"https:\/\/schema.org\",\"@graph\":[{\"@type\":\"WebPage\",\"@id\":\"http:\/\/emc.mg.gov.br\/institucional\/visitacao\/\",\"url\":\"http:\/\/emc.mg.gov.br\/institucional\/visitacao\/\",\"name\":\"Visita\u00e7\u00e3o - EMC\",\"isPartOf\":{\"@id\":\"http:\/\/emc.mg.gov.br\/institucional\/#website\"},\"datePublished\":\"2022-10-25T17:34:42+00:00\",\"dateModified\":\"2026-03-27T16:45:34+00:00\",\"breadcrumb\":{\"@id\":\"http:\/\/emc.mg.gov.br\/institucional\/visitacao\/#breadcrumb\"},\"inLanguage\":\"pt-BR\",\"potentialAction\":[{\"@type\":\"ReadAction\",\"target\":[\"http:\/\/emc.mg.gov.br\/institucional\/visitacao\/\"]}]},{\"@type\":\"BreadcrumbList\",\"@id\":\"http:\/\/emc.mg.gov.br\/institucional\/visitacao\/#breadcrumb\",\"itemListElement\":[{\"@type\":\"ListItem\",\"position\":1,\"name\":\"In\u00edcio\",\"item\":\"http:\/\/emc.mg.gov.br\/institucional\/\"},{\"@type\":\"ListItem\",\"position\":2,\"name\":\"Visita\u00e7\u00e3o\"}]},{\"@type\":\"WebSite\",\"@id\":\"http:\/\/emc.mg.gov.br\/institucional\/#website\",\"url\":\"http:\/\/emc.mg.gov.br\/institucional\/\",\"name\":\"EMC\",\"description\":\"Empresa Mineira de Comunica\u00e7\u00e3o\",\"publisher\":{\"@id\":\"http:\/\/emc.mg.gov.br\/institucional\/#organization\"},\"potentialAction\":[{\"@type\":\"SearchAction\",\"target\":{\"@type\":\"EntryPoint\",\"urlTemplate\":\"http:\/\/emc.mg.gov.br\/institucional\/?s={search_term_string}\"},\"query-input\":\"required name=search_term_string\"}],\"inLanguage\":\"pt-BR\"},{\"@type\":\"Organization\",\"@id\":\"http:\/\/emc.mg.gov.br\/institucional\/#organization\",\"name\":\"EMC\",\"url\":\"http:\/\/emc.mg.gov.br\/institucional\/\",\"sameAs\":[],\"logo\":{\"@type\":\"ImageObject\",\"inLanguage\":\"pt-BR\",\"@id\":\"http:\/\/emc.mg.gov.br\/institucional\/#\/schema\/logo\/image\/\",\"url\":\"http:\/\/emc.mg.gov.br\/institucional\/wp-content\/uploads\/2022\/06\/EMCmarca.png\",\"contentUrl\":\"http:\/\/emc.mg.gov.br\/institucional\/wp-content\/uploads\/2022\/06\/EMCmarca.png\",\"width\":133,\"height\":89,\"caption\":\"EMC \"},\"image\":{\"@id\":\"http:\/\/emc.mg.gov.br\/institucional\/#\/schema\/logo\/image\/\"}}]}<\/script>\n<!-- \/ Yoast SEO plugin. -->","yoast_head_json":{"title":"Visita\u00e7\u00e3o - EMC","robots":{"index":"index","follow":"follow","max-snippet":"max-snippet:-1","max-image-preview":"max-image-preview:large","max-video-preview":"max-video-preview:-1"},"canonical":"http:\/\/emc.mg.gov.br\/institucional\/visitacao\/","og_locale":"pt_BR","og_type":"article","og_title":"Visita\u00e7\u00e3o - EMC","og_description":"Conhe\u00e7a a sede e est\u00fadios da Empresa Mineira de Comunica\u00e7\u00e3o &#8211; EMC Nossa sede fica em Belo Horizonte, Minas Gerais. As visitas s\u00e3o realizadas de segunda a sexta, apenas por agendamento. O encontro est\u00e1 limitado a grupo de at\u00e9 30 pessoas, com dura\u00e7\u00e3o m\u00e9dia de 2 horas. As datas e hor\u00e1rios s\u00e3o sugeridas pela institui\u00e7\u00e3o [&hellip;]","og_url":"http:\/\/emc.mg.gov.br\/institucional\/visitacao\/","og_site_name":"EMC","article_modified_time":"2026-03-27T16:45:34+00:00","twitter_card":"summary_large_image","twitter_misc":{"Est. tempo de leitura":"1 minuto"},"schema":{"@context":"https:\/\/schema.org","@graph":[{"@type":"WebPage","@id":"http:\/\/emc.mg.gov.br\/institucional\/visitacao\/","url":"http:\/\/emc.mg.gov.br\/institucional\/visitacao\/","name":"Visita\u00e7\u00e3o - EMC","isPartOf":{"@id":"http:\/\/emc.mg.gov.br\/institucional\/#website"},"datePublished":"2022-10-25T17:34:42+00:00","dateModified":"2026-03-27T16:45:34+00:00","breadcrumb":{"@id":"http:\/\/emc.mg.gov.br\/institucional\/visitacao\/#breadcrumb"},"inLanguage":"pt-BR","potentialAction":[{"@type":"ReadAction","target":["http:\/\/emc.mg.gov.br\/institucional\/visitacao\/"]}]},{"@type":"BreadcrumbList","@id":"http:\/\/emc.mg.gov.br\/institucional\/visitacao\/#breadcrumb","itemListElement":[{"@type":"ListItem","position":1,"name":"In\u00edcio","item":"http:\/\/emc.mg.gov.br\/institucional\/"},{"@type":"ListItem","position":2,"name":"Visita\u00e7\u00e3o"}]},{"@type":"WebSite","@id":"http:\/\/emc.mg.gov.br\/institucional\/#website","url":"http:\/\/emc.mg.gov.br\/institucional\/","name":"EMC","description":"Empresa Mineira de Comunica\u00e7\u00e3o","publisher":{"@id":"http:\/\/emc.mg.gov.br\/institucional\/#organization"},"potentialAction":[{"@type":"SearchAction","target":{"@type":"EntryPoint","urlTemplate":"http:\/\/emc.mg.gov.br\/institucional\/?s={search_term_string}"},"query-input":"required name=search_term_string"}],"inLanguage":"pt-BR"},{"@type":"Organization","@id":"http:\/\/emc.mg.gov.br\/institucional\/#organization","name":"EMC","url":"http:\/\/emc.mg.gov.br\/institucional\/","sameAs":[],"logo":{"@type":"ImageObject","inLanguage":"pt-BR","@id":"http:\/\/emc.mg.gov.br\/institucional\/#\/schema\/logo\/image\/","url":"http:\/\/emc.mg.gov.br\/institucional\/wp-content\/uploads\/2022\/06\/EMCmarca.png","contentUrl":"http:\/\/emc.mg.gov.br\/institucional\/wp-content\/uploads\/2022\/06\/EMCmarca.png","width":133,"height":89,"caption":"EMC "},"image":{"@id":"http:\/\/emc.mg.gov.br\/institucional\/#\/schema\/logo\/image\/"}}]}},"_links":{"self":[{"href":"http:\/\/emc.mg.gov.br\/institucional\/wp-json\/wp\/v2\/pages\/1417"}],"collection":[{"href":"http:\/\/emc.mg.gov.br\/institucional\/wp-json\/wp\/v2\/pages"}],"about":[{"href":"http:\/\/emc.mg.gov.br\/institucional\/wp-json\/wp\/v2\/types\/page"}],"author":[{"embeddable":true,"href":"http:\/\/emc.mg.gov.br\/institucional\/wp-json\/wp\/v2\/users\/2"}],"replies":[{"embeddable":true,"href":"http:\/\/emc.mg.gov.br\/institucional\/wp-json\/wp\/v2\/comments?post=1417"}],"version-history":[{"count":53,"href":"http:\/\/emc.mg.gov.br\/institucional\/wp-json\/wp\/v2\/pages\/1417\/revisions"}],"predecessor-version":[{"id":4159,"href":"http:\/\/emc.mg.gov.br\/institucional\/wp-json\/wp\/v2\/pages\/1417\/revisions\/4159"}],"wp:attachment":[{"href":"http:\/\/emc.mg.gov.br\/institucional\/wp-json\/wp\/v2\/media?parent=1417"}],"curies":[{"name":"wp","href":"https:\/\/api.w.org\/{rel}","templated":true}]}}